{"id":4114,"date":"2020-10-01T00:00:00","date_gmt":"2020-10-01T00:00:00","guid":{"rendered":"https:\/\/berg-lund.a77-development.de\/publikationen\/fordersatz-fur-abrechnungsjahr-2019-veroffentlicht-ekf-forderung-starker-nachgefragt\/"},"modified":"2024-12-09T10:00:08","modified_gmt":"2024-12-09T10:00:08","slug":"fordersatz-fur-abrechnungsjahr-2019-veroffentlicht-ekf-forderung-starker-nachgefragt","status":"publish","type":"publikationen","link":"https:\/\/berg-lund.de\/en\/publikationen\/fordersatz-fur-abrechnungsjahr-2019-veroffentlicht-ekf-forderung-starker-nachgefragt\/","title":{"rendered":"F\u00f6rdersatz f\u00fcr Abrechnungsjahr 2019 ver\u00f6ffentlicht: EKF-F\u00f6rderung st\u00e4rker nachgefragt"},"content":{"rendered":"<div class=\"o-category o-category--inherit\">\n<span>01.10.2020<\/span><br \/>\n<span class=\"o-category__separator\"><\/span><br \/>\n<span>F\u00f6rdergelder<\/span>\n<\/div>\n<h2 class=\"o-hl1\">F\u00f6rdersatz f\u00fcr Abrechnungsjahr 2019 ver\u00f6ffentlicht: EKF-F\u00f6rderung st\u00e4rker nachgefragt<\/h2>\n<p>Im Bahn Manager weisen <a class=\"o-link o-link--underline\" href=\"https:\/\/berg-lund.de\/fuehrungsteam\/dr-martin-bernhardt\">Dr. Martin Bernhardt<\/a> und <a class=\"o-link o-link--underline\" href=\"https:\/\/berg-lund.de\/fuehrungsteam\/daniel-blum\">Daniel Blum<\/a> anhand des unl\u00e4ngst ver\u00f6ffentlichten F\u00f6rdersatzes f\u00fcr 2019 auf die zunehmende Nachfrage nach der EKF-F\u00f6rderung hin. Gleichzeitig werfen sie einen Blick in die Zukunft und verdeutlichen, dass in der Corona-Krise auch eine Chance f\u00fcr kommende F\u00f6rderjahre steckt.<\/p>\n<p><em>bahn manager<\/em><br \/>\n<strong>\u00bbF\u00f6rdersatz f\u00fcr Abrechnungsjahr 2019 ver\u00f6ffentlicht: EKF-F\u00f6rderung st\u00e4rker nachgefragt\u00ab<\/strong><br \/>\n<a class=\"o-link o-link--bold\" target=\"_blank\" href=\"https:\/\/berg-lund.de\/content\/9-publikationen\/20201001-foerdersatz-fuer-abrechnungsjahr-2019-veroeffentlicht-ekf-foerderung-staerker-nachgefragt\/ekf-foerderung-staerker-nachgefragt.pdf\" rel=\"noopener\">Artikel als PDF<\/a><\/p>\n","protected":false},"excerpt":{"rendered":"<p>01.10.2020 F\u00f6rdergelder F\u00f6rdersatz f\u00fcr Abrechnungsjahr 2019 ver\u00f6ffentlicht: EKF-F\u00f6rderung st\u00e4rker nachgefragt Im Bahn Manager weisen Dr. Martin Bernhardt und Daniel Blum anhand des unl\u00e4ngst ver\u00f6ffentlichten F\u00f6rdersatzes f\u00fcr 2019 auf die zunehmende Nachfrage nach der EKF-F\u00f6rderung hin. Gleichzeitig werfen sie einen Blick in die Zukunft und verdeutlichen, dass in der Corona-Krise auch eine Chance f\u00fcr kommende F\u00f6rderjahre [&hellip;]<\/p>\n","protected":false},"featured_media":0,"template":"","meta":{"_acf_changed":false,"footnotes":""},"tags":[174],"publikationen-cat":[111],"class_list":["post-4114","publikationen","type-publikationen","status-publish","hentry","tag-02-transport-verkehr-logistik","publikationen-cat-fordergelder"],"acf":[],"_links":{"self":[{"href":"https:\/\/berg-lund.de\/en\/wp-json\/wp\/v2\/publikationen\/4114","targetHints":{"allow":["GET"]}}],"collection":[{"href":"https:\/\/berg-lund.de\/en\/wp-json\/wp\/v2\/publikationen"}],"about":[{"href":"https:\/\/berg-lund.de\/en\/wp-json\/wp\/v2\/types\/publikationen"}],"version-history":[{"count":1,"href":"https:\/\/berg-lund.de\/en\/wp-json\/wp\/v2\/publikationen\/4114\/revisions"}],"predecessor-version":[{"id":8035,"href":"https:\/\/berg-lund.de\/en\/wp-json\/wp\/v2\/publikationen\/4114\/revisions\/8035"}],"wp:attachment":[{"href":"https:\/\/berg-lund.de\/en\/wp-json\/wp\/v2\/media?parent=4114"}],"wp:term":[{"taxonomy":"post_tag","embeddable":true,"href":"https:\/\/berg-lund.de\/en\/wp-json\/wp\/v2\/tags?post=4114"},{"taxonomy":"publikationen-cat","embeddable":true,"href":"https:\/\/berg-lund.de\/en\/wp-json\/wp\/v2\/publikationen-cat?post=4114"}],"curies":[{"name":"wp","href":"https:\/\/api.w.org\/{rel}","templated":true}]}}

Fördersatz für Abrechnungsjahr 2019 veröffentlicht: EKF-Förderung stärker nachgefragt

<div class="o-category o-category--inherit">
<span>01.10.2020</span><br />
<span class="o-category__separator"></span><br />
<span>Fördergelder</span>
</div>
<h2 class="o-hl1">Fördersatz für Abrechnungsjahr 2019 veröffentlicht: EKF-Förderung stärker nachgefragt</h2>
<p>Im Bahn Manager weisen <a class="o-link o-link--underline" href="https://berg-lund.de/fuehrungsteam/dr-martin-bernhardt">Dr. Martin Bernhardt</a> und <a class="o-link o-link--underline" href="https://berg-lund.de/fuehrungsteam/daniel-blum">Daniel Blum</a> anhand des unlängst veröffentlichten Fördersatzes für 2019 auf die zunehmende Nachfrage nach der EKF-Förderung hin. Gleichzeitig werfen sie einen Blick in die Zukunft und verdeutlichen, dass in der Corona-Krise auch eine Chance für kommende Förderjahre steckt.</p>
<p><em>bahn manager</em><br />
<strong>»Fördersatz für Abrechnungsjahr 2019 veröffentlicht: EKF-Förderung stärker nachgefragt«</strong><br />
<a class="o-link o-link--bold" target="_blank" href="https://berg-lund.de/content/9-publikationen/20201001-foerdersatz-fuer-abrechnungsjahr-2019-veroeffentlicht-ekf-foerderung-staerker-nachgefragt/ekf-foerderung-staerker-nachgefragt.pdf" rel="noopener">Artikel als PDF</a></p>

<p>01.10.2020 Fördergelder Fördersatz für Abrechnungsjahr 2019 veröffentlicht: EKF-Förderung stärker nachgefragt Im Bahn Manager weisen Dr. Martin Bernhardt und Daniel Blum anhand des unlängst veröffentlichten Fördersatzes für 2019 auf die zunehmende Nachfrage nach der EKF-Förderung hin. Gleichzeitig werfen sie einen Blick in die Zukunft und verdeutlichen, dass in der Corona-Krise auch eine Chance für kommende Förderjahre [&hellip;]</p>
